65 and h?
73
Let z = -3848 + 4018. What is the greatest common factor of z and 1037?
17
Let l be ((-60)/50)/((-2)/5). Suppose 5*h - 4*s - 304 = h, -5*h = s - 338. Calculate the greatest common divisor of h and l.
3
Let o(l) = l**2 - 12*l + 828. Let b be o(-37). Calculate the greatest common factor of 139 and b.
139
Let u(c) = c**2 + 20*c - 27. Let h be u(5). Calculate the highest common factor of 532 and h.
14
Let a be (-21)/1*11/(-33). Suppose -3*r - 12 = -a*r. Suppose -13*t = -52*t + 234. What is the highest common factor of t and r?
3
Suppose -251889 + 177919 = -25*n + 367055. What is the highest common factor of n and 69?
23
Let k = 11 + -4565. Let b be (-50)/40 + (k/(-8) - 1). Calculate the highest common divisor of 63 and b.
63
Suppose 4*b = -4*f + 45 + 91, -3*f = 4*b - 98. Let n = 42 - f. Suppose -n*g + 40 = 8*s - 3*s, -s - 40 = -4*g. What is the greatest common divisor of 10 and g?
10
Let n be ((-40)/3)/(220/(-165)). What is the highest common divisor of n and 80?
10
Let v = 14 - 12. Suppose -3 = 20*r - 43. Calculate the greatest common divisor of r and v.
2
Let c = 13665 - 8937. What is the highest common divisor of c and 204?
12
Suppose -3*t - 4*d = -29 + 3, -8 = -4*d. Let x(z) = -3*z + 23. Let v be x(t). What is the greatest common divisor of v and 5?
5
Suppose 34*t = 37*t - 225. Let u be 240/t*(2 + (-2)/(-4)). Let r be (-2)/(-7) + (-556)/(-14). What is the greatest common divisor of u and r?
8
Let q(i) = -i**3 - 26*i**2 + 55*i - 14. Let b be q(-27). Let a = b - -1325. Calculate the greatest common factor of 15 and a.
15
Let o = 12379 - 12023. Calculate the highest common divisor of 801 and o.
89
Let o = 1259 + -1252. What is the greatest common divisor of o and 115?
1
Let s = -7434 - -7469. What is the greatest common divisor of s and 55?
5
Let k be 37/4 - ((-7)/4 - -2). Let f be ((-3)/k)/((-2)/120). What is the highest common divisor of f and 160?
20
Let i(o) = -5*o**2 + 211*o + 20. Let u be i(38). What is the highest common divisor of 6 and u?
2
Suppose 16*j - 24435 = -5395. What is the greatest common divisor of 2856 and j?
238
Let i(l) = 11*l + 35. Suppose -10*j - 159 = -189. Let g be i(j). What is the highest common factor of 102 and g?
34
Suppose 0 = -3*o + 2*w + 1006, -4*o + 0*w + 1348 = 4*w. Let q = 334773 - 334761. Calculate the highest common factor of o and q.
12
Let n be 132/(-7)*21/(-2). Suppose -136*x + 130*x + n = 0. What is the greatest common divisor of x and 6?
3
Let o be (25/(-4) - 5)*4. Let s be 9*(-20)/o - (-56)/1. What is the highest common factor of 220 and s?
20
Suppose -49*r + 4*r + 44081 + 158329 = 0. What is the highest common factor of r and 78?
26
Suppose -y + 3 = 0, -4*j - 100*y + 105*y - 35 = 0. Let k = 0 - -1. Let z be 8 - k - (-20)/j. What is the highest common factor of 21 and z?
3
Let m(w) = 25*w**2 - w + 1. Let a be m(-1). Let q be 54/a + (-65)/(-1). Calculate the highest common divisor of q and 603.
67
Let m(a) = 17*a**2 + 136*a + 45. Let r be m(-27). Calculate the greatest common divisor of r and 36.
18
Suppose -2*z + 6 = -i - 0, 0 = z + 4*i - 3. Let b be 4/(-12)*z*-51. What is the greatest common factor of 561 and b?
51
Let g(h) = -h**3 - 93*h**2 - 12*h - 1086. Let j be g(-93). What is the greatest common factor of 7730 and j?
10
Suppose 5*r + 31 = 111. Suppose r*h = -472 - 952. Let y = 124 + h. What is the highest common factor of 105 and y?
35
Let l be (13 + -10 + 22)/(3/114*2). Calculate the highest common divisor of l and 38.
19
Suppose -3*p = -0*p - 405. Suppose 7*u - 264 = 3*u. Suppose -3*f + n + 30 = -2*f, -3*f = 5*n - u. Calculate the highest common divisor of f and p.
27
Suppose -5*d + 5 = -15. Suppose -283 = -f - d*f + 4*o, 3*f - 2*o = 169. Calculate the greatest common divisor of 275 and f.
55
Let w be (-4 - 1) + 7799/11. What is the highest common divisor of 20 and w?
4
Let o(s) = -2*s**3 - 35*s**2 + 46*s + 139. Let u be o(-21). What is the greatest common factor of u and 339?
113
Let y(v) = 5*v + 31. Let j(p) = p**2 - 19*p + 13. Let s be j(18). Let t be y(s). Let u = 121 - 73. What is the highest common factor of t and u?
6
Let i = 17205 + -12276. What is the highest common factor of 636 and i?
159
Suppose 4*w - 2*x - 1058 = 0, -15*w = -18*w + 2*x + 791. Suppose -3*n = 4*q - 273, 0 = 5*n - 2*n + 2*q - w. What is the highest common divisor of 290 and n?
29
Suppose -168 + 12 = -12*g. Let u(n) = -n**3 - 15*n**2 + 18*n - 30. Let t be u(-15). Let o = t + 443. What is the highest common divisor of g and o?
13
Suppose 0 = -2*j - 6, 57 = 2*y - 2*j - 3*j. Let r(i) = -90*i + 5 - 6 - y*i. Let a be r(-1). Calculate the greatest common divisor of a and 22.
22
Let v(l) = 487*l - 3792. Let k be v(8). What is the highest common factor of k and 25792?
104
Suppose -10 = -5*x, x = l - 77 + 48. Calculate the greatest common factor of l and 2201.
31
Let b(f) = f**2 + 8*f + 25. Let x be b(-9). Let m = 57 - x. What is the highest common divisor of m and 207?
23
Let z be -26*(200/(-900) + 910/(-36)). Calculate the highest common divisor of z and 897.
39
Let g be (-4)/6 - 2414/(-102). Let a(v) = -30*v + 115. Let y be a(0). What is the greatest common factor of g and y?
23
Let v = 51 - 46. Suppose 3*m - 2*r = -m - 10, m + v*r + 8 = 0. Let u be 101*(4 + m) - 1. What is the highest common factor of u and 20?
20
Let l(n) = -2*n**2 + 37*n + 31. Let y be (-3348)/(-180) - 4/(-10). Let d be l(y). Calculate the greatest common divisor of d and 156.
12
Let l = -53 + 127. Suppose -l + 70 = -v. What is the greatest common divisor of 38 and v?
2
Let z be ((-2)/(-2))/((-1)/(-367)). Suppose z + 109 = 14*v. Calculate the greatest common factor of v and 85.
17
Let x(k) = -2*k**3 - 31*k**2 - 109*k + 32. Let t be x(-6). What is the greatest common divisor of 2678 and t?
2
Let f be (-2 - 772/20) + 4/(-10). Let z = 221 + f. What is the greatest common divisor of z and 18?
18
Let z(m) = -m**3 - 39*m**2 - 52*m + 824. Let c be z(-39). What is the greatest common divisor of 46 and c?
46
Let m be (-1 - 2)*168/(-36). Suppose -7419*p - 671 = -3*g - 7418*p, 3*p = 4*g - 893. Calculate the highest common factor of g and m.
14
Suppose -5*f - 171 = -7491. What is the greatest common divisor of 48 and f?
24
Let z be 4/(-5)*7/((-56)/20). Suppose z*v - 8*v = -1434. Suppose v = 4*r - i, r - 59 = -i + 2*i. What is the greatest common factor of r and 20?
20
Let s = 3431 - 3327. Calculate the greatest common factor of 184 and s.
8
Let i = -363 - -165. Suppose -42*z = -34*z + 128. Let h be i/z + 30/(-80). What is the greatest common factor of 4 and h?
4
Let u = 15323 - 15058. Let p(i) = -2*i + 159. Let l be p(0). What is the highest common divisor of l and u?
53
Suppose -67*h = -59*h - 1080. Suppose -o = -0*o. Let n = o - -15. Calculate the greatest common divisor of h and n.
15
Let z be (-25 - 12)/(7 + 0 + 88/(-12)). Calculate the greatest common factor of 2627 and z.
37
Let t = 18 - 14. Suppose -2*x + t*x = 4. Let r(i) = -4*i + 50. Let s be r(11). What is the greatest common factor of x and s?
2
Let r be (3/5)/(7/665). Suppose 0 = 4*a - r - 11. Calculate the highest common divisor of a and 119.
17
Let s = 66 - 51. Let c be 18*((-700)/s)/(-10). Calculate the highest common factor of 12 and c.
12
Suppose -5*a - 266*y + 270*y = -214, 144 = 3*a - 5*y. Calculate the highest common factor of a and 1311.
19
Let m = -31 - -48. Suppose 0 = 5*b + m - 457. Let g(d) = -142*d + 754. Let n be g(5). Calculate the highest common factor of b and n.
44
Let s = 3977 + -3721. Calculate the highest common factor of 48 and s.
16
Let q(k) = k**2 + 20*k + 44. Let t be 95/(-15)*(-6)/(-2). Let f be q(t). What is the greatest common factor of 15 and f?
5
Let c(n) be the third derivative of n**5/60 + n**4/24 - n**3/3 + 16*n**2 + 2. Let q be c(2). Calculate the greatest common divisor of 108 and q.
4
Let g = 31 + -50. Let l = -2 - g. Let b be 4/(-46) - (9528/(-69) + 2). What is the highest common divisor of l and b?
17
Suppose 2*q - 5*p - 10 = q, 4*p = 2*q - 8. Suppose 3*k + k - 204 = q. Let d = -9355 - -9372. What is the greatest common divisor of k and d?
17
Let x = 52 + 27. Suppose -u + 165 = 3*f, -5*u = -5*f + 176 + x. Calculate the highest common divisor of f and 432.
54
Let h be 6 - (-136 - (-12)/(-1))*30/8. What is the highest common divisor of h and 66?
33
Le